
Suppose -4*b - 12 = 0, 4*w + 20 = b + 3. Let d(j) = j**3 + 4*j**2 - 3*j - 3. Calculate d(w).
-13
Let x(y) be the second derivative of 0 - 5/2*y**2 + 5*y + 5/12*y**4 - 1/20*y**5 - 1/3*y**3. Let f = -7 + 11. Determine x(f).
3
Suppose y - 7 = -3. Suppose 7*x + 9 = -s + y*x, 5*s = 5*x + 15. Let q(h) = -h**2 - h + 0 - 1 + 2*h**2 + s. Determine q(-2).
5
Let y(z) = -4*z**2 - z. Let k(g) = -g**3 + 2*g**2 - 2*g + 3. Let i be k(2). Give y(i).
-3
Let o(v) = 4 + 6*v + 4*v - 13*v. Calculate o(5).
-11
Suppose 4*g = -0*g + 8. Let m(w) = 3*w**3 + 3*w**g - 2*w + 4*w + 0*w**3 - 4*w**2 - 1. Determine m(1).
3
Let o(m) = m + 192*m**2 + 2 - 96*m**2 - 2*m**3 - 98*m**2. Determine o(-2).
8
Let k(m) = -3*m**2 + 15*m - 3. Let d(l) = -l**2 + 5*l - 1. Let w(y) = 17*d(y) - 6*k(y). Let o be 24/10 - (-4)/(-10). What is w(o)?
-5
Let b(x) = x + 6. Let w be 3 - (-16)/(-6) - (-46)/6. Calculate b(w).
14
Let m(u) be the first derivative of -u**5/60 - 3*u**3/2 - u**2/2 + 2. Let f(x) be the second derivative of m(x). Let a = -30 - -30. What is f(a)?
-9
Suppose 0 = y - 2 + 1. Let h(w) = -2*w - 4 + 12 - 7. Calculate h(y).
-1
Let y(f) be the third derivative of f**9/4032 - f**7/2520 + f**6/720 + f**5/15 + 4*f**2. Let x(n) be the third derivative of y(n). Calculate x(1).
14
Let z(y) = -4*y**2 + 5*y + 6. Let v(u) = -u**2 + u. Let t(h) = 3*v(h) - z(h). Give t(5).
9
Let m(g) = -g**2 + g + 2. Let l = 3 - -2. Suppose 0 = 3*d - 5*u - 6, -d + l*u = 6 + 2. Let w = d + -5. Calculate m(w).
0
Let i = 13 + -8. Let o(h) = 5 + 6*h**2 + h**3 - 2*h**3 - 6*h - 1. Calculate o(i).
-1
Let o be 2/6 + (-1)/3. Let t(s) = -17*s**2 + 7 + 16*s**2 + 0*s + s. Calculate t(o).
7
Suppose 0 = -3*q + 3, 3*r = -4*q + 13. Let w(c) = -c**2 - c - 1. Let t be 2 + -1*(1 - 0). Let p(h) = -4*h**2 - h + 1. Let l(z) = t*p(z) - 3*w(z). Give l(r).
1
Let p(n) = -n**3 + 6*n**2 + 2. Let f(s) = -s**3 + 5*s**2 - 4*s. Suppose 7 = 4*u - 5. Let j be f(u). Give p(j).
2
Let m = 6 + -7. Let o(i) = -6*i. Calculate o(m).
6
Let w(i) be the third derivative of -i**9/60480 + i**8/4032 + i**7/840 - i**5/12 + 5*i**2. Let x(a) be the third derivative of w(a). What is x(6)?
0
Suppose -2*k = 2*k + 4. Let x(n) = n. Let j be x(k). Let r(o) = 5*o + 1. What is r(j)?
-4
Let v(o) be the first derivative of -o**4/4 + 8*o**3/3 - 14. Give v(8).
0
Let q(i) = 2*i + 9. Let w(z) = -z**2 - 6*z + 10. Let m be w(-7). Let a be 1*(-3 - m) + 0. What is q(a)?
-3
Let g(y) = 5*y**3 - 3*y**2 - 8*y - 7. Let j(b) = -6*b**3 + 3*b**2 + 9*b + 8. Let o(t) = 5*g(t) + 4*j(t). Calculate o(4).
-3
Let h(x) = -2*x**2. Suppose 5*j - 10 = -0*j. Determine h(j).
-8
Suppose -20 = 4*y - 4. Let k = 0 - y. Let a(m) = m**2 - 2*m - 5. Give a(k).
3
Let x = 5 - 0. Let v(t) = 5 - x*t - 7 + 0. Calculate v(-2).
8
Let l(j) = j. Let n(q) = -7*q - 1. Let r(c) = -6*l(c) - n(c). Calculate r(-3).
-2
Let i = 14 + -9. Let u(t) = -t - t**2 + 6*t + 7 - 4. What is u(i)?
3
Let m be (-14)/(-49) + 74/(-14). Let c(b) be the first derivative of -b**4/24 - b**3 + b**2/2 - 2. Let x(v) be the second derivative of c(v). Determine x(m).
-1
Let p(a) be the third derivative of a**5/60 - a**4/6 + a**3/3 + 18*a**2. Suppose 0*c = -4*c + 8. Calculate p(c).
-2
Suppose c + 0*l + 13 = -3*l, 4*c = 5*l + 16. Let i(v) be the third derivative of v**5/12 - v**4/24 - 5*v**2. Determine i(c).
6
Suppose -3*a - 30 = 2*a. Let b(f) = 1. Let v(c) = 3*c + 13. Let y(i) = 4*b(i) - v(i). Determine y(a).
9
Let n(u) = 2*u**3 - 4*u**2 + 2. Suppose 5*c + 36 = 17*c. What is n(c)?
20
Let j(u) = u**3 + 6*u**2 + 5*u + 4. Let m be j(-5). Let t(a) = 3*a - 12 + m - 4*a - 4 - a**2. Give t(0).
-12
Let k = 0 + 2. Let b(x) = -x + 4*x + 3*x**2 + x - 4*x**k. Determine b(5).
-5
Let a(k) = -3*k - 8. Suppose 2*i + 2*x + 7 - 25 = 0, 2*i - 20 = -3*x. Calculate a(i).
-29
Let h(s) = -7*s**2 - 2*s + 1. Let w(i) = -2*i**2 + 1. Let t be w(1). Let q = t + 2. Give h(q).
-8
Suppose 5*s = c + 23, -17 = -c + s - 4*s. Let i = c - -1. Let z(w) = 2*w**i - w**3 - w**2 + w - 2*w**3. Calculate z(0).
0
Let w(a) = -11*a**2 - 1. Let l(b) = -b**2 - 6*b + 2. Let y be l(-6). Suppose -3*p = -p - y. Determine w(p).
-12
Let s be (0 - 20/25)*-5. Let u(b) = -3*b + 6. Calculate u(s).
-6
Let w(f) be the first derivative of -f**2/2 + 9*f - 1. Give w(6).
3
Let w(x) be the first derivative of x**4/4 + 2*x**3/3 - x - 7. Suppose 0 = -0*n + n + 2. Calculate w(n).
-1
Let n(g) = 36*g**2 + g**3 + 6*g - 29*g**2 + 7 + 0*g**3. Suppose 4*d + 32 = -2*f, -5*d - f - 42 = 2*f. Give n(d).
7
Let x = 3 + -2. Let n(j) = 2*j + 1. Suppose 0*l + l - 4*r = 19, 0 = 3*l - r - 13. Let y(t) = t**2 - 3*t - 2. Let d(c) = l*y(c) + 5*n(c). Determine d(x).
3
Let x(z) be the first derivative of -7*z**4/4 + z**2/2 - z - 29. Determine x(1).
-7
Let a(t) = -2*t**2 - 2*t + 1. Let n(l) = -l**3 - 10*l**2 - l - 12. Let z be n(-10). What is a(z)?
-3
Suppose -5*h + 5*w + 5 = -0*w, 0 = -3*w - 3. Let d(m) = 2*m**2 - m + h*m**2 + 3*m**3 - m**2 + 2*m. Calculate d(-1).
-3
Let p(w) = -1. Suppose 0 = -0*n + 4*n - 20. Suppose r + 1 + 0 = 0. Let v(c) = 3*c - 4. Let h(g) = n*p(g) + r*v(g). What is h(2)?
-7
Suppose 0 = 4*g - g - 21. Let a(n) = -n**2 - 9413 + 9421 + 0*n**2 + 5*n. Calculate a(g).
-6
Let n(s) = 17*s**2 - 7 - 37*s**2 + 7*s + 19*s**2. Let z = -3 - -8. Determine n(z).
3
Let v = 5 - 12. Let i(d) = -4*d**2 + 5*d - 1. Let r(o) = o**2 - 2*o**2 - 8*o**2 + 11*o - 1. Let k(w) = v*i(w) + 3*r(w). Calculate k(4).
12
Let m(f) be the second derivative of -f**3/6 + 9*f**2/2 + 33*f. What is m(5)?
4
Let x(o) = -7*o**2 + o. Suppose -30 - 75 = 5*u. Let c be ((-4)/6)/(14/u). Determine x(c).
-6
Let v(q) = -q**3 + 5*q**2 - 2*q. Let w = 1 - 0. Let n be (2 - (-2 + 0))*w. Let l be 30/n*(-4)/(-6). Give v(l).
-10
Suppose 2*c = -2*l + 18, 0*l = -3*c - 2*l + 26. Let n = 13 - c. Let t(p) = -5*p**2 - 2*p**3 + p - 2 + 0*p**3 + 3*p**3. What is t(n)?
3
Let l(z) = 1 - 3 + 0 - 3*z. Let f(x) = -4*x - 3. Let n(k) = 5*f(k) - 7*l(k). Give n(6).
5
Let a(x) = x + 1. Let o be (-8)/(-52) + (-45)/39. Determine a(o).
0
Suppose -b - w + 0*w = -4, -3*b = 5*w - 16. Let l(c) = c**2 + c + 2. Let p(o) = 3*o**2 + 3*o + 5. Let z(v) = 8*l(v) - 3*p(v). Determine z(b).
-5
Let y(k) = k - 4. Let j(b) = b - 3. Let w(c) = -7*j(c) + 5*y(c). Let q be ((-4)/(-5))/(1/5). What is w(q)?
-7
Let n(r) = r**3 - 4*r**2 - 2*r + 3. Let z(s) = -2*s**3 + 9*s**2 + 4*s - 6. Let h(k) = -5*n(k) - 2*z(k). Suppose 1 = -3*a + 4*f + 10, -5*f = 0. Give h(a).
-6
Let u(j) be the third derivative of 0*j + 1/6*j**3 + j**2 - 1/24*j**4 + 0. Determine u(5).
-4
Let d(p) be the third derivative of -p**4/24 + p**3 + 9*p**2. Give d(5).
1
Suppose 0 = 5*k + 10, 4*n + 0*n + 2 = -5*k. Let b be n/3 + (-66)/(-9). Suppose -4*l + 0 + 4 = -3*c, 0 = 2*l - b. Let x(w) = -w**2 + 2*w. Calculate x(c).
-8
Let l(v) be the first derivative of -v**2/2 - 6. Give l(0).
0
Let b(a) = 3*a - 3 + 5 - 4. What is b(3)?
7
Let a(q) = 9*q + 5. Let c(t) = -27*t - 14. Let z(b) = -17*a(b) - 6*c(b). Let p(x) = x**2 - 3*x - 3. Let g be p(4). Let y = g - 0. Calculate z(y).
8
Let t(a) = -3*a + 5. Let b be ((-120)/(-96))/(2/8). Give t(b).
-10
Let n(x) = -x**3 + 2*x**2 + 2*x + 4. Let p(y) = 4*y + 3. Let q be p(-2). Let g = -2 - q. Determine n(g).
1
Let j(r) = 2 - r + 4 - 2. Let w(a) = -11*a - 91. Let o be w(-8). Calculate j(o).
7
Let b(v) be the third derivative of v**5/60 + 3*v**4/8 + v**3/2 - 2*v**2. What is b(-6)?
-15
Let g = -3 - 3. Let v(x) = -5*x - 4*x**2 - x**3 + 0*x + 0 + 5 - 3*x**2. Calculate v(g).
-1
Suppose -2*t = -3 - 1. Let f(o) = 0*o - 4 - t*o + o + 3*o. Let s(b) = -2*b - 1. Let j be s(-2). Determine f(j).
2
Let m(g) = -2*g**2 + 2*g + 2. Let o(s) be the third derivative of s**6/120 - s**5/15 - s**4/6 - 7*s**3/6 + 8*s**2. Let j be o(5). Give m(j).
-10
Let f(d) = 11*d + 9. Let l(v) = 5*v + 4. Let w(j) = 6*f(j) - 13*l(j). Let r(i) = i**3 - 4*i**2 + 2*i - 6. Suppose -4 = 5*p - 24. Let t be r(p). What is w(t)?
4
Let z(g) = 2*g**2 - 5*g - 4. Let s(t) = -t - 4. Let b = 2 - 5. Let j = -11 - b. Let k be s(j). What is z(k)?
8
Let r be (-90)/10 + (2 - 3) + 3. Let t(h) = -h - 3. Give t(r).
4
Let a(m) = 3*m - 1. Let r(j) = 2*j - 1. Let g(t) = 3*a(t) - 4*r(t). What is g(-3)?
-2
Let f(x) = -5*x**2 + 1 + 4*x - 4*x. Let j = 7 + -8. What is f(j)?
-4
Let a be 39/12 + (-6)/(-8). Let f(j) = j**3 - 5*j**2 + 6*j - 5. Give f(a).
3
Let z be -6*(1 - (-5)/(-3)). Let t(w) = -2 +